{"id":35935,"date":"2026-09-05T17:33:49","date_gmt":"2026-09-05T15:33:49","guid":{"rendered":"https:\/\/b2b.p2rbike.com\/?post_type=product&#038;p=35935"},"modified":"2026-09-05T17:40:22","modified_gmt":"2026-09-05T15:40:22","slug":"p2r-a30-mips-brown-s-52-55-cm-copy-2","status":"publish","type":"product","link":"https:\/\/b2b.p2rbike.com\/sk\/produkt\/p2r-a30-mips-brown-s-52-55-cm-copy-2\/","title":{"rendered":"P2R A30 MIPS, golden S (52\u201355 cm)"},"content":{"rendered":"<p><strong>P2R A30<\/strong><\/p>\n<p>P2R A30 je cestn\u00e1 prilba zameran\u00e1 na maxim\u00e1lny v\u00fdkon a je ur\u010den\u00e1 na preteky, tr\u00e9ning aj ka\u017edodenn\u00e9 doch\u00e1dzanie do pr\u00e1ce. Kombinuje ochranu Mips\u00ae, EPS s vysokou hustotou, v\u00fdborn\u00e9 odvetranie a pr\u00e9miov\u00e9 komfortn\u00e9 komponenty.<\/p>\n<p><strong>VLASTNOSTI<\/strong>:<\/p>\n<p>\u2022 <strong>Mips:<\/strong> Pom\u00e1ha zni\u017eova\u0165 a absorbova\u0165 rota\u010dn\u00e9 sily pri \u0161ikm\u00fdch n\u00e1razoch.<br \/>\n\u2022 <strong>21-vetrac\u00edch otvorov:\u00a0 <\/strong>Integrovan\u00e9 vetracie otvory, v\u00fdrazn\u00e9 vn\u00fatorn\u00e9 vetracie kan\u00e1ly a ve\u013ek\u00e9 zadn\u00e9 otvory v\u00fdrazne pom\u00e1haj\u00fa zv\u00fd\u0161i\u0165 \u00fa\u010dinnos\u0165 pr\u00fadenia vzduchu aj pri st\u00fapaniach a dlh\u0161ej jazde aj po\u010das tepl\u00fdch dn\u00ed.<br \/>\n\u2022 <strong>EPS s vysokou hustotou: <\/strong>T\u00e1to prilba kombinuje ochrann\u00fa \u0161krupinu EPS so syst\u00e9mom Mips\u00ae pre efekt\u00edvnej\u0161ie pohlcovanie priamych aj \u0161ikm\u00fdch n\u00e1razov\u00fdch s\u00edl.<br \/>\n\u2022 <strong>Polstrovanie COOLMAX\u00ae: <\/strong>Polstrovanie odv\u00e1dzaj\u00face vlhkos\u0165 pom\u00e1ha jazdcovi zosta\u0165 v suchu, svie\u017eosti a pohodl\u00ed po\u010das n\u00e1ro\u010dn\u00fdch j\u00e1zd.<br \/>\n\u2022 <strong>Fidlock\u00ae magnetick\u00e1 pracka\/zap\u00ednanie: <\/strong>Jednoduch\u00e9 zap\u00ednanie aj r\u00fdchle uvo\u013enenie jednou rukou u\u013eah\u010duj\u00fa pou\u017e\u00edvanie prilby a to aj s cyklistick\u00fdmi rukavicami.<strong><br \/>\n\u2022 P2R nastavovac\u00ed syst\u00e9m: <\/strong>Presn\u00e9 nastavenie k obvodu hlavy aj mo\u017enos\u0165 nastavenia v\u00fd\u0161ky nastavovacieho syst\u00e9mu podporuje bezpe\u010dn\u00e9 a pohodln\u00e9 nosenie s pohodln\u00fdm a jednoduch\u00fdm ovl\u00e1dan\u00edm jednou rukou.<br \/>\n\u2022 <strong>CE EN 1078 Certified: <\/strong>Testovan\u00e9 a certifikovan\u00e9 pod\u013ea noriem CE.<\/p>\n<p><strong>DETAILY<\/strong>:<\/p>\n<p>\u2022 <strong>Dostupn\u00e9 ve\u013ekosti:<\/strong><br \/>\n<strong>&#8211; S<\/strong> (52-55 cm)<br \/>\n<strong>&#8211; M<\/strong> (55-58 cm)<br \/>\n<strong>&#8211; L<\/strong> (58-61cm)<\/p>\n<p>\u2022 <strong>Hmotnos\u0165:<br \/>\n&#8211; S : <\/strong>235 \u00b1 30 g<strong><br \/>\n&#8211; M : <\/strong>245 \u00b1 30 g<strong><br \/>\n&#8211; L :\u00a0 <\/strong>295 \u00b1 30 g<\/p>\n<p><strong>DOSTUPN\u00c9 FARBY:<\/strong><br \/>\n\u2022 Greyish\u00a0white<br \/>\n\u2022 Gradient\u00a0red<br \/>\n\u2022 Purple<br \/>\n\u2022 White<br \/>\n\u2022 Aurora<br \/>\n\u2022 Black<br \/>\n\u2022 Brown<br \/>\n\u2022 Golden<br \/>\n\u2022 Grey<br \/>\n\u2022 Pink<\/p>\n<p><strong>BALENIE<\/strong>: krabica v dizajne P2R<\/p>\n","protected":false},"excerpt":{"rendered":"<p>P2R A30 P2R A30 je cestn\u00e1 prilba zameran\u00e1 na maxim\u00e1lny v\u00fdkon a je ur\u010den\u00e1 na preteky, tr\u00e9ning aj ka\u017edodenn\u00e9 doch\u00e1dzanie<\/p>\n","protected":false},"featured_media":35940,"template":"","meta":{"_acf_changed":false},"product_brand":[],"product_cat":[416,411,415],"product_tag":[],"class_list":["post-35935","product","type-product","status-publish","has-post-thumbnail","product_cat-cestne-prilby","product_cat-prilby","product_cat-prilby-xc-mtb","first","outofstock","taxable","shipping-taxable","purchasable","product-type-simple"],"bundled_by":[],"bundle_stock_status":"outofstock","bundle_stock_quantity":0,"bundle_virtual":false,"bundle_layout":"","bundle_add_to_cart_form_location":"","bundle_editable_in_cart":false,"bundle_sold_individually_context":"","bundle_item_grouping":"","bundle_min_size":"","bundle_max_size":"","bundle_price":[],"bundled_items":[],"bundle_sell_ids":[],"acf":[],"_links":{"self":[{"href":"https:\/\/b2b.p2rbike.com\/sk\/wp-json\/wp\/v2\/product\/35935","targetHints":{"allow":["GET"]}}],"collection":[{"href":"https:\/\/b2b.p2rbike.com\/sk\/wp-json\/wp\/v2\/product"}],"about":[{"href":"https:\/\/b2b.p2rbike.com\/sk\/wp-json\/wp\/v2\/types\/product"}],"wp:featuredmedia":[{"embeddable":true,"href":"https:\/\/b2b.p2rbike.com\/sk\/wp-json\/wp\/v2\/media\/35940"}],"wp:attachment":[{"href":"https:\/\/b2b.p2rbike.com\/sk\/wp-json\/wp\/v2\/media?parent=35935"}],"wp:term":[{"taxonomy":"product_brand","embeddable":true,"href":"https:\/\/b2b.p2rbike.com\/sk\/wp-json\/wp\/v2\/product_brand?post=35935"},{"taxonomy":"product_cat","embeddable":true,"href":"https:\/\/b2b.p2rbike.com\/sk\/wp-json\/wp\/v2\/product_cat?post=35935"},{"taxonomy":"product_tag","embeddable":true,"href":"https:\/\/b2b.p2rbike.com\/sk\/wp-json\/wp\/v2\/product_tag?post=35935"}],"curies":[{"name":"wp","href":"https:\/\/api.w.org\/{rel}","templated":true}]}}

<p><strong>P2R A30</strong></p>
<p>P2R A30 je cestná prilba zameraná na maximálny výkon a je určená na preteky, tréning aj každodenné dochádzanie do práce. Kombinuje ochranu Mips®, EPS s vysokou hustotou, výborné odvetranie a prémiové komfortné komponenty.</p>
<p><strong>VLASTNOSTI</strong>:</p>
<p>• <strong>Mips:</strong> Pomáha znižovať a absorbovať rotačné sily pri šikmých nárazoch.<br />
• <strong>21-vetracích otvorov:  </strong>Integrované vetracie otvory, výrazné vnútorné vetracie kanály a veľké zadné otvory výrazne pomáhajú zvýšiť účinnosť prúdenia vzduchu aj pri stúpaniach a dlhšej jazde aj počas teplých dní.<br />
• <strong>EPS s vysokou hustotou: </strong>Táto prilba kombinuje ochrannú škrupinu EPS so systémom Mips® pre efektívnejšie pohlcovanie priamych aj šikmých nárazových síl.<br />
• <strong>Polstrovanie COOLMAX®: </strong>Polstrovanie odvádzajúce vlhkosť pomáha jazdcovi zostať v suchu, sviežosti a pohodlí počas náročných jázd.<br />
• <strong>Fidlock® magnetická pracka/zapínanie: </strong>Jednoduché zapínanie aj rýchle uvoľnenie jednou rukou uľahčujú používanie prilby a to aj s cyklistickými rukavicami.<strong><br />
• P2R nastavovací systém: </strong>Presné nastavenie k obvodu hlavy aj možnosť nastavenia výšky nastavovacieho systému podporuje bezpečné a pohodlné nosenie s pohodlným a jednoduchým ovládaním jednou rukou.<br />
• <strong>CE EN 1078 Certified: </strong>Testované a certifikované podľa noriem CE.</p>
<p><strong>DETAILY</strong>:</p>
<p>• <strong>Dostupné veľkosti:</strong><br />
<strong>&#8211; S</strong> (52-55 cm)<br />
<strong>&#8211; M</strong> (55-58 cm)<br />
<strong>&#8211; L</strong> (58-61cm)</p>
<p>• <strong>Hmotnosť:<br />
&#8211; S : </strong>235 ± 30 g<strong><br />
&#8211; M : </strong>245 ± 30 g<strong><br />
&#8211; L :  </strong>295 ± 30 g</p>
<p><strong>DOSTUPNÉ FARBY:</strong><br />
• Greyish white<br />
• Gradient red<br />
• Purple<br />
• White<br />
• Aurora<br />
• Black<br />
• Brown<br />
• Golden<br />
• Grey<br />
• Pink</p>
<p><strong>BALENIE</strong>: krabica v dizajne P2R</p>

<p>P2R A30 P2R A30 je cestná prilba zameraná na maximálny výkon a je určená na preteky, tréning aj každodenné dochádzanie</p>
